{"id":2626,"date":"2025-04-12T17:27:44","date_gmt":"2025-04-12T15:27:44","guid":{"rendered":"https:\/\/beczkazpaczki.pl\/?post_type=product&#038;p=2626"},"modified":"2026-02-25T11:59:08","modified_gmt":"2026-02-25T10:59:08","slug":"sauna-quadro-200x200-cm","status":"publish","type":"product","link":"https:\/\/beczkazpaczki.pl\/?product=sauna-quadro-200x200-cm","title":{"rendered":"Sauna QUADRO 200&#215;200 cm"},"content":{"rendered":"<p>&nbsp;<\/p>\n<article>\n<header>\n<h1>Sauna Quadro 200&#215;200 cm \u2013 nowoczesna sauna ogrodowa z drewna \u015bwierkowego<\/h1>\n<\/header>\n<section>Ten model sauny ogrodowej do samodzielnego monta\u017cu wyr\u00f3\u017cnia si\u0119 solidno\u015bci\u0105 wykonania oraz eleganckim wygl\u0105dem. Konstrukcja z drewna \u015bwierkowego nie tylko dobrze si\u0119 prezentuje, ale r\u00f3wnie\u017c gwarantuje trwa\u0142o\u015b\u0107 i odporno\u015b\u0107 na niekorzystne warunki pogodowe. Kompaktowe wymiary 200&#215;200 cm sprawiaj\u0105, \u017ce sauna bez problemu zmie\u015bci si\u0119 w wi\u0119kszo\u015bci ogrod\u00f3w, a tak\u017ce na dzia\u0142kach rekreacyjnych. Sauna Quadro 200&#215;200 cm to kompletny zestaw monta\u017cowy. Dzi\u0119ki temu nie musisz martwi\u0107 si\u0119 o zakup dodatkowych element\u00f3w, co znacz\u0105co u\u0142atwia przygotowanie sauny do u\u017cytku. Po Twojej stronie zostaje jedynie dob\u00f3r pieca i akcesori\u00f3w. Do zestawu do\u0142\u0105czona jest tak\u017ce szczeg\u00f3\u0142owa instrukcja, dlatego monta\u017c przebiega szybko oraz bezproblemowo.W tym modelu drzwi usytuowane s\u0105 na frontowej \u015bcianie na \u015brodku, a w \u015brodku \u0142awki po bokach.<\/p>\n<h3>Elementy w zestawie:<\/h3>\n<ul>\n<li>baliki na \u015bciany,<\/li>\n<li>deska startowa i zaka\u0144czaj\u0105ca,<\/li>\n<li>\u015bciana frontowa i tylna,<\/li>\n<li>2 obejmy ze stali nierdzewnej,<\/li>\n<li>2 zestawy \u015brub do obejm,<\/li>\n<li>kratownica na podstaw\u0119,<\/li>\n<li>materia\u0142 na \u0142aweczki,<\/li>\n<li>materia\u0142 na pod\u0142og\u0119,<\/li>\n<li>drzwi szklane ze szk\u0142a hartowanego 8mm (w komplecie o\u015bcie\u017cnica, zawiasy, uszczelki, ga\u0142ka),<\/li>\n<li>membrana,<\/li>\n<li>gont bitumiczny,<\/li>\n<li>wkr\u0119ty,<\/li>\n<li>instrukcja monta\u017cu.<\/li>\n<\/ul>\n<p>\u015aciany przednia i tylna dostarczane s\u0105 w dw\u00f3ch po\u0142\u00f3wkach. W \u015bcianie przedniej wykonany jest otw\u00f3r pod monta\u017c drzwi. W przypadku zam\u00f3wienia pieca na drewno wraz z saun\u0105, w \u015bcianie tylnej przygotowany jest odpowiedni otw\u00f3r pod instalacj\u0119 pieca.<\/p>\n<h2>Specyfikacja<\/h2>\n<\/section>\n<ul>\n<li>szeroko\u015b\u0107 200 cm,<\/li>\n<li>wysoko\u015b\u0107 210 cm,<\/li>\n<li>d\u0142ugo\u015b\u0107 200 cm,<\/li>\n<li>d\u0142ugo\u015b\u0107 \u0142awek wewn\u0105trz: 180 cm<\/li>\n<li>konstrukcja z balika o grubo\u015bci 45mm.<\/li>\n<\/ul>\n<section>Drzwi ze szk\u0142a hartowanego o grubo\u015bci 8 mm nadaj\u0105 konstrukcji nowoczesny wygl\u0105d, a tak\u017ce zwi\u0119kszaj\u0105 bezpiecze\u0144stwo u\u017cytkowania. Obejmy ze stali nierdzewnej oraz solidne legary wzmacniaj\u0105 ca\u0142\u0105 struktur\u0119, dlatego sauna pozostaje stabilna nawet po wielu latach. Membrana i gont bitumiczny skutecznie chroni\u0105 przed opadami deszczu, a co wi\u0119cej przed\u0142u\u017caj\u0105 trwa\u0142o\u015b\u0107 drewna.Materia\u0142 na pod\u0142og\u0119 oraz \u0142aweczki zosta\u0142 starannie dobrany, dzi\u0119ki czemu ca\u0142o\u015b\u0107 jest wygodna i funkcjonalna. Monta\u017c jest prosty, a zestaw zawiera wszystkie potrzebne elementy. Czas realizacji zam\u00f3wienia wynosi od 1 do 2 tygodni, dlatego w kr\u00f3tkim czasie mo\u017cesz cieszy\u0107 si\u0119 swoj\u0105 stref\u0105 relaksu.<\/section>\n<section>\n<h2>Zalety wyboru tej sauny<\/h2>\n<p>Decyduj\u0105c si\u0119 na ten model, zyskujesz produkt \u0142\u0105cz\u0105cy elegancj\u0119, funkcjonalno\u015b\u0107 oraz \u0142atwo\u015b\u0107 monta\u017cu. Drewno \u015bwierkowe zapewnia \u015bwietn\u0105 izolacj\u0119 termiczn\u0105, a naturalny wygl\u0105d doskonale komponuje si\u0119 z ogrodow\u0105 zieleni\u0105. Co wi\u0119cej, kompletno\u015b\u0107 zestawu oznacza oszcz\u0119dno\u015b\u0107 czasu i pieni\u0119dzy.<\/p>\n<p>Zach\u0119camy do zapoznania si\u0119 z ofert\u0105 <a href=\"https:\/\/beczkazpaczki.pl\/?product_cat=sauny-quadro&amp;v=288404204e3d\">innych saun ogrodowych<\/a> oraz <a href=\"https:\/\/beczkazpaczki.pl\/?product_cat=wyposazenie&amp;v=288404204e3d\">wyposa\u017ceniem sauny<\/a>, kt\u00f3re r\u00f3wnie\u017c znajdziesz w naszym sklepie. Przeczytaj tak\u017ce <a href=\"https:\/\/beczkazpaczki.pl\/?p=2813&amp;v=288404204e3d\" target=\"_blank\" rel=\"noopener\">poradnik o saunowaniu<\/a> i poznaj korzy\u015bci zdrowotne tej formy relaksu.<\/p>\n<\/section>\n<\/article>\n<p>&nbsp;<\/p>\n","protected":false},"excerpt":{"rendered":"<p>&nbsp; Sauna Quadro 200&#215;200 cm \u2013 nowoczesna sauna ogrodowa z drewna \u015bwierkowego Ten model sauny ogrodowej do samodzielnego monta\u017cu wyr\u00f3\u017cnia si\u0119 solidno\u015bci\u0105 wykonania oraz eleganckim wygl\u0105dem. Konstrukcja z drewna \u015bwierkowego nie tylko dobrze si\u0119 prezentuje, ale r\u00f3wnie\u017c gwarantuje trwa\u0142o\u015b\u0107 i odporno\u015b\u0107 na niekorzystne warunki pogodowe. Kompaktowe wymiary 200&#215;200 cm sprawiaj\u0105, \u017ce sauna bez problemu zmie\u015bci&#8230;<\/p>\n","protected":false},"featured_media":3196,"comment_status":"open","ping_status":"closed","template":"","meta":{"_monsterinsights_skip_tracking":false,"_monsterinsights_sitenote_active":false,"_monsterinsights_sitenote_note":"","_monsterinsights_sitenote_category":0,"_kadence_starter_templates_imported_post":false,"_kad_post_transparent":"default","_kad_post_title":"","_kad_post_layout":"default","_kad_post_sidebar_id":"","_kad_post_content_style":"default","_kad_post_vertical_padding":"default","_kad_post_feature":"","_kad_post_feature_position":"","_kad_post_header":false,"_kad_post_footer":false},"product_brand":[],"product_cat":[51],"product_tag":[],"class_list":{"0":"post-2626","1":"product","2":"type-product","3":"status-publish","4":"has-post-thumbnail","6":"product_cat-sauny-quadro","7":"product_shipping_class-mala","9":"first","10":"instock","11":"shipping-taxable","12":"purchasable","13":"product-type-variable","14":"entry","15":"content-bg","16":"loop-entry","17":"rtwpvg-product"},"acf":[],"yoast_head":"<!-- This site is optimized with the Yoast SEO plugin v24.9 - https:\/\/yoast.com\/wordpress\/plugins\/seo\/ -->\n<title>Sauna QUADRO 200x200 cm -<\/title>\n<meta name=\"description\" content=\"Sauna Quadro 200x200 cm to elegancka sauna ogrodowa z drewna \u015bwierkowego, zawieraj\u0105ca wszystkie elementy potrzebne do monta\u017cu.\" \/>\n<meta name=\"robots\" content=\"index, follow, max-snippet:-1, max-image-preview:large, max-video-preview:-1\" \/>\n<link rel=\"canonical\" href=\"https:\/\/beczkazpaczki.pl\/?product=sauna-quadro-200x200-cm\" \/>\n<meta property=\"og:locale\" content=\"pl_PL\" \/>\n<meta property=\"og:type\" content=\"article\" \/>\n<meta property=\"og:title\" content=\"Sauna QUADRO 200x200 cm -\" \/>\n<meta property=\"og:description\" content=\"Sauna Quadro 200x200 cm to elegancka sauna ogrodowa z drewna \u015bwierkowego, zawieraj\u0105ca wszystkie elementy potrzebne do monta\u017cu.\" \/>\n<meta property=\"og:url\" content=\"https:\/\/beczkazpaczki.pl\/?product=sauna-quadro-200x200-cm\" \/>\n<meta property=\"article:publisher\" content=\"https:\/\/www.facebook.com\/twojabeczkaogrodowa\" \/>\n<meta property=\"article:modified_time\" content=\"2026-02-25T10:59:08+00:00\" \/>\n<meta property=\"og:image\" content=\"https:\/\/beczkazpaczki.pl\/wp-content\/uploads\/2025\/04\/nano-banana-2026-02-18T07-53-19.png\" \/>\n\t<meta property=\"og:image:width\" content=\"1024\" \/>\n\t<meta property=\"og:image:height\" content=\"1024\" \/>\n\t<meta property=\"og:image:type\" content=\"image\/png\" \/>\n<meta name=\"twitter:card\" content=\"summary_large_image\" \/>\n<meta name=\"twitter:label1\" content=\"Szacowany czas czytania\" \/>\n\t<meta name=\"twitter:data1\" content=\"3 minuty\" \/>\n<script type=\"application\/ld+json\" class=\"yoast-schema-graph\">{\"@context\":\"https:\/\/schema.org\",\"@graph\":[{\"@type\":\"WebPage\",\"@id\":\"https:\/\/beczkazpaczki.pl\/?product=sauna-quadro-200x200-cm\",\"url\":\"https:\/\/beczkazpaczki.pl\/?product=sauna-quadro-200x200-cm\",\"name\":\"Sauna QUADRO 200x200 cm -\",\"isPartOf\":{\"@id\":\"https:\/\/beczkazpaczki.pl\/#website\"},\"primaryImageOfPage\":{\"@id\":\"https:\/\/beczkazpaczki.pl\/?product=sauna-quadro-200x200-cm#primaryimage\"},\"image\":{\"@id\":\"https:\/\/beczkazpaczki.pl\/?product=sauna-quadro-200x200-cm#primaryimage\"},\"thumbnailUrl\":\"https:\/\/beczkazpaczki.pl\/wp-content\/uploads\/2025\/04\/nano-banana-2026-02-18T07-53-19.png\",\"datePublished\":\"2025-04-12T15:27:44+00:00\",\"dateModified\":\"2026-02-25T10:59:08+00:00\",\"description\":\"Sauna Quadro 200x200 cm to elegancka sauna ogrodowa z drewna \u015bwierkowego, zawieraj\u0105ca wszystkie elementy potrzebne do monta\u017cu.\",\"breadcrumb\":{\"@id\":\"https:\/\/beczkazpaczki.pl\/?product=sauna-quadro-200x200-cm#breadcrumb\"},\"inLanguage\":\"pl-PL\",\"potentialAction\":[{\"@type\":\"ReadAction\",\"target\":[\"https:\/\/beczkazpaczki.pl\/?product=sauna-quadro-200x200-cm\"]}]},{\"@type\":\"ImageObject\",\"inLanguage\":\"pl-PL\",\"@id\":\"https:\/\/beczkazpaczki.pl\/?product=sauna-quadro-200x200-cm#primaryimage\",\"url\":\"https:\/\/beczkazpaczki.pl\/wp-content\/uploads\/2025\/04\/nano-banana-2026-02-18T07-53-19.png\",\"contentUrl\":\"https:\/\/beczkazpaczki.pl\/wp-content\/uploads\/2025\/04\/nano-banana-2026-02-18T07-53-19.png\",\"width\":1024,\"height\":1024,\"caption\":\"sauna ogrodowa quadro\"},{\"@type\":\"BreadcrumbList\",\"@id\":\"https:\/\/beczkazpaczki.pl\/?product=sauna-quadro-200x200-cm#breadcrumb\",\"itemListElement\":[{\"@type\":\"ListItem\",\"position\":1,\"name\":\"Strona g\u0142\u00f3wna\",\"item\":\"https:\/\/beczkazpaczki.pl\/\"},{\"@type\":\"ListItem\",\"position\":2,\"name\":\"Zam\u00f3w teraz\",\"item\":\"https:\/\/beczkazpaczki.pl\/?page_id=1954\"},{\"@type\":\"ListItem\",\"position\":3,\"name\":\"Sauna QUADRO 200&#215;200 cm\"}]},{\"@type\":\"WebSite\",\"@id\":\"https:\/\/beczkazpaczki.pl\/#website\",\"url\":\"https:\/\/beczkazpaczki.pl\/\",\"name\":\"Beczka z paczki\",\"description\":\"Sauny i akcesoria\",\"publisher\":{\"@id\":\"https:\/\/beczkazpaczki.pl\/#organization\"},\"potentialAction\":[{\"@type\":\"SearchAction\",\"target\":{\"@type\":\"EntryPoint\",\"urlTemplate\":\"https:\/\/beczkazpaczki.pl\/?s={search_term_string}\"},\"query-input\":{\"@type\":\"PropertyValueSpecification\",\"valueRequired\":true,\"valueName\":\"search_term_string\"}}],\"inLanguage\":\"pl-PL\"},{\"@type\":\"Organization\",\"@id\":\"https:\/\/beczkazpaczki.pl\/#organization\",\"name\":\"Beczka z paczki\",\"url\":\"https:\/\/beczkazpaczki.pl\/\",\"logo\":{\"@type\":\"ImageObject\",\"inLanguage\":\"pl-PL\",\"@id\":\"https:\/\/beczkazpaczki.pl\/#\/schema\/logo\/image\/\",\"url\":\"https:\/\/beczkazpaczki.pl\/wp-content\/uploads\/2025\/04\/cropped-Logo_Beczka-z-paczki_Black.png\",\"contentUrl\":\"https:\/\/beczkazpaczki.pl\/wp-content\/uploads\/2025\/04\/cropped-Logo_Beczka-z-paczki_Black.png\",\"width\":6402,\"height\":1569,\"caption\":\"Beczka z paczki\"},\"image\":{\"@id\":\"https:\/\/beczkazpaczki.pl\/#\/schema\/logo\/image\/\"},\"sameAs\":[\"https:\/\/www.facebook.com\/twojabeczkaogrodowa\"]}]}<\/script>\n<!-- \/ Yoast SEO plugin. -->","yoast_head_json":{"title":"Sauna QUADRO 200x200 cm -","description":"Sauna Quadro 200x200 cm to elegancka sauna ogrodowa z drewna \u015bwierkowego, zawieraj\u0105ca wszystkie elementy potrzebne do monta\u017cu.","robots":{"index":"index","follow":"follow","max-snippet":"max-snippet:-1","max-image-preview":"max-image-preview:large","max-video-preview":"max-video-preview:-1"},"canonical":"https:\/\/beczkazpaczki.pl\/?product=sauna-quadro-200x200-cm","og_locale":"pl_PL","og_type":"article","og_title":"Sauna QUADRO 200x200 cm -","og_description":"Sauna Quadro 200x200 cm to elegancka sauna ogrodowa z drewna \u015bwierkowego, zawieraj\u0105ca wszystkie elementy potrzebne do monta\u017cu.","og_url":"https:\/\/beczkazpaczki.pl\/?product=sauna-quadro-200x200-cm","article_publisher":"https:\/\/www.facebook.com\/twojabeczkaogrodowa","article_modified_time":"2026-02-25T10:59:08+00:00","og_image":[{"width":1024,"height":1024,"url":"https:\/\/beczkazpaczki.pl\/wp-content\/uploads\/2025\/04\/nano-banana-2026-02-18T07-53-19.png","type":"image\/png"}],"twitter_card":"summary_large_image","twitter_misc":{"Szacowany czas czytania":"3 minuty"},"schema":{"@context":"https:\/\/schema.org","@graph":[{"@type":"WebPage","@id":"https:\/\/beczkazpaczki.pl\/?product=sauna-quadro-200x200-cm","url":"https:\/\/beczkazpaczki.pl\/?product=sauna-quadro-200x200-cm","name":"Sauna QUADRO 200x200 cm -","isPartOf":{"@id":"https:\/\/beczkazpaczki.pl\/#website"},"primaryImageOfPage":{"@id":"https:\/\/beczkazpaczki.pl\/?product=sauna-quadro-200x200-cm#primaryimage"},"image":{"@id":"https:\/\/beczkazpaczki.pl\/?product=sauna-quadro-200x200-cm#primaryimage"},"thumbnailUrl":"https:\/\/beczkazpaczki.pl\/wp-content\/uploads\/2025\/04\/nano-banana-2026-02-18T07-53-19.png","datePublished":"2025-04-12T15:27:44+00:00","dateModified":"2026-02-25T10:59:08+00:00","description":"Sauna Quadro 200x200 cm to elegancka sauna ogrodowa z drewna \u015bwierkowego, zawieraj\u0105ca wszystkie elementy potrzebne do monta\u017cu.","breadcrumb":{"@id":"https:\/\/beczkazpaczki.pl\/?product=sauna-quadro-200x200-cm#breadcrumb"},"inLanguage":"pl-PL","potentialAction":[{"@type":"ReadAction","target":["https:\/\/beczkazpaczki.pl\/?product=sauna-quadro-200x200-cm"]}]},{"@type":"ImageObject","inLanguage":"pl-PL","@id":"https:\/\/beczkazpaczki.pl\/?product=sauna-quadro-200x200-cm#primaryimage","url":"https:\/\/beczkazpaczki.pl\/wp-content\/uploads\/2025\/04\/nano-banana-2026-02-18T07-53-19.png","contentUrl":"https:\/\/beczkazpaczki.pl\/wp-content\/uploads\/2025\/04\/nano-banana-2026-02-18T07-53-19.png","width":1024,"height":1024,"caption":"sauna ogrodowa quadro"},{"@type":"BreadcrumbList","@id":"https:\/\/beczkazpaczki.pl\/?product=sauna-quadro-200x200-cm#breadcrumb","itemListElement":[{"@type":"ListItem","position":1,"name":"Strona g\u0142\u00f3wna","item":"https:\/\/beczkazpaczki.pl\/"},{"@type":"ListItem","position":2,"name":"Zam\u00f3w teraz","item":"https:\/\/beczkazpaczki.pl\/?page_id=1954"},{"@type":"ListItem","position":3,"name":"Sauna QUADRO 200&#215;200 cm"}]},{"@type":"WebSite","@id":"https:\/\/beczkazpaczki.pl\/#website","url":"https:\/\/beczkazpaczki.pl\/","name":"Beczka z paczki","description":"Sauny i akcesoria","publisher":{"@id":"https:\/\/beczkazpaczki.pl\/#organization"},"potentialAction":[{"@type":"SearchAction","target":{"@type":"EntryPoint","urlTemplate":"https:\/\/beczkazpaczki.pl\/?s={search_term_string}"},"query-input":{"@type":"PropertyValueSpecification","valueRequired":true,"valueName":"search_term_string"}}],"inLanguage":"pl-PL"},{"@type":"Organization","@id":"https:\/\/beczkazpaczki.pl\/#organization","name":"Beczka z paczki","url":"https:\/\/beczkazpaczki.pl\/","logo":{"@type":"ImageObject","inLanguage":"pl-PL","@id":"https:\/\/beczkazpaczki.pl\/#\/schema\/logo\/image\/","url":"https:\/\/beczkazpaczki.pl\/wp-content\/uploads\/2025\/04\/cropped-Logo_Beczka-z-paczki_Black.png","contentUrl":"https:\/\/beczkazpaczki.pl\/wp-content\/uploads\/2025\/04\/cropped-Logo_Beczka-z-paczki_Black.png","width":6402,"height":1569,"caption":"Beczka z paczki"},"image":{"@id":"https:\/\/beczkazpaczki.pl\/#\/schema\/logo\/image\/"},"sameAs":["https:\/\/www.facebook.com\/twojabeczkaogrodowa"]}]}},"_links":{"self":[{"href":"https:\/\/beczkazpaczki.pl\/index.php?rest_route=\/wp\/v2\/product\/2626","targetHints":{"allow":["GET"]}}],"collection":[{"href":"https:\/\/beczkazpaczki.pl\/index.php?rest_route=\/wp\/v2\/product"}],"about":[{"href":"https:\/\/beczkazpaczki.pl\/index.php?rest_route=\/wp\/v2\/types\/product"}],"replies":[{"embeddable":true,"href":"https:\/\/beczkazpaczki.pl\/index.php?rest_route=%2Fwp%2Fv2%2Fcomments&post=2626"}],"wp:featuredmedia":[{"embeddable":true,"href":"https:\/\/beczkazpaczki.pl\/index.php?rest_route=\/wp\/v2\/media\/3196"}],"wp:attachment":[{"href":"https:\/\/beczkazpaczki.pl\/index.php?rest_route=%2Fwp%2Fv2%2Fmedia&parent=2626"}],"wp:term":[{"taxonomy":"product_brand","embeddable":true,"href":"https:\/\/beczkazpaczki.pl\/index.php?rest_route=%2Fwp%2Fv2%2Fproduct_brand&post=2626"},{"taxonomy":"product_cat","embeddable":true,"href":"https:\/\/beczkazpaczki.pl\/index.php?rest_route=%2Fwp%2Fv2%2Fproduct_cat&post=2626"},{"taxonomy":"product_tag","embeddable":true,"href":"https:\/\/beczkazpaczki.pl\/index.php?rest_route=%2Fwp%2Fv2%2Fproduct_tag&post=2626"}],"curies":[{"name":"wp","href":"https:\/\/api.w.org\/{rel}","templated":true}]}}