{"id":3281,"date":"2026-03-20T11:12:18","date_gmt":"2026-03-20T10:12:18","guid":{"rendered":"https:\/\/beczkazpaczki.pl\/?post_type=product&#038;p=3281"},"modified":"2026-03-20T15:51:47","modified_gmt":"2026-03-20T14:51:47","slug":"harvia-cleanser","status":"publish","type":"product","link":"https:\/\/beczkazpaczki.pl\/?product=harvia-cleanser","title":{"rendered":"\u015arodek do czyszczenia sauny Harvia Sauna Cleanser"},"content":{"rendered":"<h2>Harvia Sauna Cleanser 500 ml &#8211;\u00a0 utrzymanie czysto\u015bci i \u015bwie\u017co\u015bci w saunie<\/h2>\n<p>Preparat do czyszczenia i dezynfekcji sauny<\/p>\n<p><b>Instrukcja u\u017cycia:\u00a0<\/b>Przygotowanie roztworu do mycia: zmieszaj 30 ml \u015brodka do czyszczenia sauny z 5 litrami\u00a0ciep\u0142ej\u00a0wody. Do mycia powierzchni drewnianych u\u017cyj g\u0105bki oraz r\u0119kawic ochronnych. Je\u015bli brud jest osadzony g\u0142\u0119goko w \u0142awkach mo\u017cna go usun\u0105\u0107 przy pomocy papieru \u015bciernego. Papier nale\u017cy pociera\u0107 w kierunku w\u0142\u00f3kien drewna. Po umyciu, sp\u0142uka\u0107 powierzchni\u0119 drewna i dok\u0142adnie wysuszy\u0107. Nagrzewanie sauny przyspiesza proces suszenia.<\/p>\n","protected":false},"excerpt":{"rendered":"<p>Sprawdzony \u015brodek do czyszczenia wn\u0119trza sauny.<\/p>\n","protected":false},"featured_media":3283,"comment_status":"open","ping_status":"closed","template":"","meta":{"_monsterinsights_skip_tracking":false,"_monsterinsights_sitenote_active":false,"_monsterinsights_sitenote_note":"","_monsterinsights_sitenote_category":0,"_kadence_starter_templates_imported_post":false,"_kad_post_transparent":"default","_kad_post_title":"","_kad_post_layout":"default","_kad_post_sidebar_id":"","_kad_post_content_style":"default","_kad_post_vertical_padding":"default","_kad_post_feature":"","_kad_post_feature_position":"","_kad_post_header":false,"_kad_post_footer":false},"product_brand":[],"product_cat":[53],"product_tag":[],"class_list":{"0":"post-3281","1":"product","2":"type-product","3":"status-publish","4":"has-post-thumbnail","6":"product_cat-akcesoria","7":"product_shipping_class-akcesoria","9":"first","10":"instock","11":"shipping-taxable","12":"purchasable","13":"product-type-simple","14":"entry","15":"content-bg","16":"loop-entry"},"acf":[],"yoast_head":"<!-- This site is optimized with the Yoast SEO plugin v24.9 - https:\/\/yoast.com\/wordpress\/plugins\/seo\/ -->\n<title>\u015arodek do czyszczenia sauny Harvia Sauna Cleanser -<\/title>\n<meta name=\"description\" content=\"\u015arodek do czyszczenia sauny Harvia Sauna Cleanser. Sprawdzony \u015brodek do czyszczenia wn\u0119trza sauny. Utrzymaj swoj\u0105 saun\u0119 w najlepszej kondycji.\" \/>\n<meta name=\"robots\" content=\"index, follow, max-snippet:-1, max-image-preview:large, max-video-preview:-1\" \/>\n<link rel=\"canonical\" href=\"https:\/\/beczkazpaczki.pl\/?product=harvia-cleanser\" \/>\n<meta property=\"og:locale\" content=\"pl_PL\" \/>\n<meta property=\"og:type\" content=\"article\" \/>\n<meta property=\"og:title\" content=\"\u015arodek do czyszczenia sauny Harvia Sauna Cleanser -\" \/>\n<meta property=\"og:description\" content=\"\u015arodek do czyszczenia sauny Harvia Sauna Cleanser. Sprawdzony \u015brodek do czyszczenia wn\u0119trza sauny. Utrzymaj swoj\u0105 saun\u0119 w najlepszej kondycji.\" \/>\n<meta property=\"og:url\" content=\"https:\/\/beczkazpaczki.pl\/?product=harvia-cleanser\" \/>\n<meta property=\"article:publisher\" content=\"https:\/\/www.facebook.com\/twojabeczkaogrodowa\" \/>\n<meta property=\"article:modified_time\" content=\"2026-03-20T14:51:47+00:00\" \/>\n<meta property=\"og:image\" content=\"https:\/\/beczkazpaczki.pl\/wp-content\/uploads\/2026\/03\/harvia-cleanser-scaled.jpg\" \/>\n\t<meta property=\"og:image:width\" content=\"2560\" \/>\n\t<meta property=\"og:image:height\" content=\"2560\" \/>\n\t<meta property=\"og:image:type\" content=\"image\/jpeg\" \/>\n<meta name=\"twitter:card\" content=\"summary_large_image\" \/>\n<meta name=\"twitter:label1\" content=\"Szacowany czas czytania\" \/>\n\t<meta name=\"twitter:data1\" content=\"1 minuta\" \/>\n<script type=\"application\/ld+json\" class=\"yoast-schema-graph\">{\"@context\":\"https:\/\/schema.org\",\"@graph\":[{\"@type\":\"WebPage\",\"@id\":\"https:\/\/beczkazpaczki.pl\/?product=harvia-cleanser\",\"url\":\"https:\/\/beczkazpaczki.pl\/?product=harvia-cleanser\",\"name\":\"\u015arodek do czyszczenia sauny Harvia Sauna Cleanser -\",\"isPartOf\":{\"@id\":\"https:\/\/beczkazpaczki.pl\/#website\"},\"primaryImageOfPage\":{\"@id\":\"https:\/\/beczkazpaczki.pl\/?product=harvia-cleanser#primaryimage\"},\"image\":{\"@id\":\"https:\/\/beczkazpaczki.pl\/?product=harvia-cleanser#primaryimage\"},\"thumbnailUrl\":\"https:\/\/beczkazpaczki.pl\/wp-content\/uploads\/2026\/03\/harvia-cleanser-scaled.jpg\",\"datePublished\":\"2026-03-20T10:12:18+00:00\",\"dateModified\":\"2026-03-20T14:51:47+00:00\",\"description\":\"\u015arodek do czyszczenia sauny Harvia Sauna Cleanser. Sprawdzony \u015brodek do czyszczenia wn\u0119trza sauny. Utrzymaj swoj\u0105 saun\u0119 w najlepszej kondycji.\",\"breadcrumb\":{\"@id\":\"https:\/\/beczkazpaczki.pl\/?product=harvia-cleanser#breadcrumb\"},\"inLanguage\":\"pl-PL\",\"potentialAction\":[{\"@type\":\"ReadAction\",\"target\":[\"https:\/\/beczkazpaczki.pl\/?product=harvia-cleanser\"]}]},{\"@type\":\"ImageObject\",\"inLanguage\":\"pl-PL\",\"@id\":\"https:\/\/beczkazpaczki.pl\/?product=harvia-cleanser#primaryimage\",\"url\":\"https:\/\/beczkazpaczki.pl\/wp-content\/uploads\/2026\/03\/harvia-cleanser-scaled.jpg\",\"contentUrl\":\"https:\/\/beczkazpaczki.pl\/wp-content\/uploads\/2026\/03\/harvia-cleanser-scaled.jpg\",\"width\":2560,\"height\":2560,\"caption\":\"\u015brodek do czyszczenia sauny harvia\"},{\"@type\":\"BreadcrumbList\",\"@id\":\"https:\/\/beczkazpaczki.pl\/?product=harvia-cleanser#breadcrumb\",\"itemListElement\":[{\"@type\":\"ListItem\",\"position\":1,\"name\":\"Strona g\u0142\u00f3wna\",\"item\":\"https:\/\/beczkazpaczki.pl\/\"},{\"@type\":\"ListItem\",\"position\":2,\"name\":\"Zam\u00f3w teraz\",\"item\":\"https:\/\/beczkazpaczki.pl\/?page_id=1954\"},{\"@type\":\"ListItem\",\"position\":3,\"name\":\"\u015arodek do czyszczenia sauny Harvia Sauna Cleanser\"}]},{\"@type\":\"WebSite\",\"@id\":\"https:\/\/beczkazpaczki.pl\/#website\",\"url\":\"https:\/\/beczkazpaczki.pl\/\",\"name\":\"Beczka z paczki\",\"description\":\"Sauny i akcesoria\",\"publisher\":{\"@id\":\"https:\/\/beczkazpaczki.pl\/#organization\"},\"potentialAction\":[{\"@type\":\"SearchAction\",\"target\":{\"@type\":\"EntryPoint\",\"urlTemplate\":\"https:\/\/beczkazpaczki.pl\/?s={search_term_string}\"},\"query-input\":{\"@type\":\"PropertyValueSpecification\",\"valueRequired\":true,\"valueName\":\"search_term_string\"}}],\"inLanguage\":\"pl-PL\"},{\"@type\":\"Organization\",\"@id\":\"https:\/\/beczkazpaczki.pl\/#organization\",\"name\":\"Beczka z paczki\",\"url\":\"https:\/\/beczkazpaczki.pl\/\",\"logo\":{\"@type\":\"ImageObject\",\"inLanguage\":\"pl-PL\",\"@id\":\"https:\/\/beczkazpaczki.pl\/#\/schema\/logo\/image\/\",\"url\":\"https:\/\/beczkazpaczki.pl\/wp-content\/uploads\/2025\/04\/cropped-Logo_Beczka-z-paczki_Black.png\",\"contentUrl\":\"https:\/\/beczkazpaczki.pl\/wp-content\/uploads\/2025\/04\/cropped-Logo_Beczka-z-paczki_Black.png\",\"width\":6402,\"height\":1569,\"caption\":\"Beczka z paczki\"},\"image\":{\"@id\":\"https:\/\/beczkazpaczki.pl\/#\/schema\/logo\/image\/\"},\"sameAs\":[\"https:\/\/www.facebook.com\/twojabeczkaogrodowa\"]}]}<\/script>\n<!-- \/ Yoast SEO plugin. -->","yoast_head_json":{"title":"\u015arodek do czyszczenia sauny Harvia Sauna Cleanser -","description":"\u015arodek do czyszczenia sauny Harvia Sauna Cleanser. Sprawdzony \u015brodek do czyszczenia wn\u0119trza sauny. Utrzymaj swoj\u0105 saun\u0119 w najlepszej kondycji.","robots":{"index":"index","follow":"follow","max-snippet":"max-snippet:-1","max-image-preview":"max-image-preview:large","max-video-preview":"max-video-preview:-1"},"canonical":"https:\/\/beczkazpaczki.pl\/?product=harvia-cleanser","og_locale":"pl_PL","og_type":"article","og_title":"\u015arodek do czyszczenia sauny Harvia Sauna Cleanser -","og_description":"\u015arodek do czyszczenia sauny Harvia Sauna Cleanser. Sprawdzony \u015brodek do czyszczenia wn\u0119trza sauny. Utrzymaj swoj\u0105 saun\u0119 w najlepszej kondycji.","og_url":"https:\/\/beczkazpaczki.pl\/?product=harvia-cleanser","article_publisher":"https:\/\/www.facebook.com\/twojabeczkaogrodowa","article_modified_time":"2026-03-20T14:51:47+00:00","og_image":[{"width":2560,"height":2560,"url":"https:\/\/beczkazpaczki.pl\/wp-content\/uploads\/2026\/03\/harvia-cleanser-scaled.jpg","type":"image\/jpeg"}],"twitter_card":"summary_large_image","twitter_misc":{"Szacowany czas czytania":"1 minuta"},"schema":{"@context":"https:\/\/schema.org","@graph":[{"@type":"WebPage","@id":"https:\/\/beczkazpaczki.pl\/?product=harvia-cleanser","url":"https:\/\/beczkazpaczki.pl\/?product=harvia-cleanser","name":"\u015arodek do czyszczenia sauny Harvia Sauna Cleanser -","isPartOf":{"@id":"https:\/\/beczkazpaczki.pl\/#website"},"primaryImageOfPage":{"@id":"https:\/\/beczkazpaczki.pl\/?product=harvia-cleanser#primaryimage"},"image":{"@id":"https:\/\/beczkazpaczki.pl\/?product=harvia-cleanser#primaryimage"},"thumbnailUrl":"https:\/\/beczkazpaczki.pl\/wp-content\/uploads\/2026\/03\/harvia-cleanser-scaled.jpg","datePublished":"2026-03-20T10:12:18+00:00","dateModified":"2026-03-20T14:51:47+00:00","description":"\u015arodek do czyszczenia sauny Harvia Sauna Cleanser. Sprawdzony \u015brodek do czyszczenia wn\u0119trza sauny. Utrzymaj swoj\u0105 saun\u0119 w najlepszej kondycji.","breadcrumb":{"@id":"https:\/\/beczkazpaczki.pl\/?product=harvia-cleanser#breadcrumb"},"inLanguage":"pl-PL","potentialAction":[{"@type":"ReadAction","target":["https:\/\/beczkazpaczki.pl\/?product=harvia-cleanser"]}]},{"@type":"ImageObject","inLanguage":"pl-PL","@id":"https:\/\/beczkazpaczki.pl\/?product=harvia-cleanser#primaryimage","url":"https:\/\/beczkazpaczki.pl\/wp-content\/uploads\/2026\/03\/harvia-cleanser-scaled.jpg","contentUrl":"https:\/\/beczkazpaczki.pl\/wp-content\/uploads\/2026\/03\/harvia-cleanser-scaled.jpg","width":2560,"height":2560,"caption":"\u015brodek do czyszczenia sauny harvia"},{"@type":"BreadcrumbList","@id":"https:\/\/beczkazpaczki.pl\/?product=harvia-cleanser#breadcrumb","itemListElement":[{"@type":"ListItem","position":1,"name":"Strona g\u0142\u00f3wna","item":"https:\/\/beczkazpaczki.pl\/"},{"@type":"ListItem","position":2,"name":"Zam\u00f3w teraz","item":"https:\/\/beczkazpaczki.pl\/?page_id=1954"},{"@type":"ListItem","position":3,"name":"\u015arodek do czyszczenia sauny Harvia Sauna Cleanser"}]},{"@type":"WebSite","@id":"https:\/\/beczkazpaczki.pl\/#website","url":"https:\/\/beczkazpaczki.pl\/","name":"Beczka z paczki","description":"Sauny i akcesoria","publisher":{"@id":"https:\/\/beczkazpaczki.pl\/#organization"},"potentialAction":[{"@type":"SearchAction","target":{"@type":"EntryPoint","urlTemplate":"https:\/\/beczkazpaczki.pl\/?s={search_term_string}"},"query-input":{"@type":"PropertyValueSpecification","valueRequired":true,"valueName":"search_term_string"}}],"inLanguage":"pl-PL"},{"@type":"Organization","@id":"https:\/\/beczkazpaczki.pl\/#organization","name":"Beczka z paczki","url":"https:\/\/beczkazpaczki.pl\/","logo":{"@type":"ImageObject","inLanguage":"pl-PL","@id":"https:\/\/beczkazpaczki.pl\/#\/schema\/logo\/image\/","url":"https:\/\/beczkazpaczki.pl\/wp-content\/uploads\/2025\/04\/cropped-Logo_Beczka-z-paczki_Black.png","contentUrl":"https:\/\/beczkazpaczki.pl\/wp-content\/uploads\/2025\/04\/cropped-Logo_Beczka-z-paczki_Black.png","width":6402,"height":1569,"caption":"Beczka z paczki"},"image":{"@id":"https:\/\/beczkazpaczki.pl\/#\/schema\/logo\/image\/"},"sameAs":["https:\/\/www.facebook.com\/twojabeczkaogrodowa"]}]}},"_links":{"self":[{"href":"https:\/\/beczkazpaczki.pl\/index.php?rest_route=\/wp\/v2\/product\/3281","targetHints":{"allow":["GET"]}}],"collection":[{"href":"https:\/\/beczkazpaczki.pl\/index.php?rest_route=\/wp\/v2\/product"}],"about":[{"href":"https:\/\/beczkazpaczki.pl\/index.php?rest_route=\/wp\/v2\/types\/product"}],"replies":[{"embeddable":true,"href":"https:\/\/beczkazpaczki.pl\/index.php?rest_route=%2Fwp%2Fv2%2Fcomments&post=3281"}],"wp:featuredmedia":[{"embeddable":true,"href":"https:\/\/beczkazpaczki.pl\/index.php?rest_route=\/wp\/v2\/media\/3283"}],"wp:attachment":[{"href":"https:\/\/beczkazpaczki.pl\/index.php?rest_route=%2Fwp%2Fv2%2Fmedia&parent=3281"}],"wp:term":[{"taxonomy":"product_brand","embeddable":true,"href":"https:\/\/beczkazpaczki.pl\/index.php?rest_route=%2Fwp%2Fv2%2Fproduct_brand&post=3281"},{"taxonomy":"product_cat","embeddable":true,"href":"https:\/\/beczkazpaczki.pl\/index.php?rest_route=%2Fwp%2Fv2%2Fproduct_cat&post=3281"},{"taxonomy":"product_tag","embeddable":true,"href":"https:\/\/beczkazpaczki.pl\/index.php?rest_route=%2Fwp%2Fv2%2Fproduct_tag&post=3281"}],"curies":[{"name":"wp","href":"https:\/\/api.w.org\/{rel}","templated":true}]}}